en 6998 is divided by 3467.
64
Calculate the remainder when 1090 is divided by 1056.
34
Calculate the remainder when 22406 is divided by 7364.
314
What is the remainder when 20285 is divided by 427?
216
Calculate the remainder when 94213 is divided by 55.
53
Calculate the remainder when 4937 is divided by 155.
132
Calculate the remainder when 421594 is divided by 71.
67
Calculate the remainder when 534550 is divided by 260.
250
Calculate the remainder when 1093 is divided by 715.
378
Calculate the remainder when 1714 is divided by 1291.
423
What is the remainder when 1289 is divided by 1259?
30
Calculate the remainder when 11157 is divided by 3714.
15
Calculate the remainder when 78987 is divided by 202.
5
Calculate the remainder when 109586 is divided by 78.
74
What is the remainder when 9982 is divided by 332?
22
Calculate the remainder when 198859 is divided by 287.
255
What is the remainder when 122667 is divided by 229?
152
What is the remainder when 2531 is divided by 183?
152
Calculate the remainder when 262 is divided by 111.
40
Calculate the remainder when 1141989 is divided by 24.
21
What is the remainder when 4373 is divided by 200?
173
Calculate the remainder when 132857 is divided by 61.
60
What is the remainder when 6345 is divided by 1583?
13
What is the remainder when 1294298 is divided by 87?
86
Calculate the remainder when 12079 is divided by 9.
1
What is the remainder when 13164 is divided by 24?
12
What is the remainder when 209221 is divided by 184?
13
Calculate the remainder when 7869 is divided by 1123.
8
Calculate the remainder when 27404 is divided by 193.
191
What is the remainder when 2812 is divided by 579?
496
Calculate the remainder when 13612 is divided by 1808.
956
Calculate the remainder when 131538 is divided by 807.
804
Calculate the remainder when 767791 is divided by 376.
375
Calculate the remainder when 182737 is divided by 25.
12
What is the remainder when 9350707 is divided by 5?
2
Calculate the remainder when 33034 is divided by 22.
12
Calculate the remainder when 79045 is divided by 310.
305
Calculate the remainder when 119160 is divided by 79.
28
What is the remainder when 118090 is divided by 64?
10
Calculate the remainder when 2265 is divided by 31.
2
Calculate the remainder when 1732 is divided by 1332.
400
Calculate the remainder when 34441 is divided by 3.
1
What is the remainder when 1453 is divided by 749?
704
Calculate the remainder when 59319 is divided by 11861.
14
Calculate the remainder when 21603 is divided by 105.
78
Calculate the remainder when 141813 is divided by 400.
213
Calculate the remainder when 23024 is divided by 23008.
16
Calculate the remainder when 1261447 is divided by 21.
19
Calculate the remainder when 26415 is divided by 29.
25
What is the remainder when 268888 is divided by 6?
4
Calculate the remainder when 22840 is divided by 257.
224
Calculate the remainder when 5741077 is divided by 10.
7
Calculate the remainder when 360 is divided by 125.
110
Calculate the remainder when 30745 is divided by 322.
155
Calculate the remainder when 1701206 is divided by 537.
527
What is the remainder when 50543 is divided by 13?
12
Calculate the remainder when 464 is divided by 97.
76
What is the remainder when 11167 is divided by 12?
7
What is the remainder when 570 is divided by 295?
275
What is the remainder when 3068 is divided by 1514?
40
Calculate the remainder when 3997 is divided by 544.
189
What is the remainder when 12110 is divided by 1249?
869
Calculate the remainder when 8827 is divided by 6.
1
Calculate the remainder when 4674 is divided by 274.
16
Calculate the remainder when 2856 is divided by 1032.
792
What is the remainder when 296 is divided by 199?
97
What is the remainder when 24767 is divided by 406?
1
Calculate the remainder when 355533 is divided by 211.
209
What is the remainder when 5669 is divided by 470?
29
What is the remainder when 1955 is divided by 199?
164
What is the remainder when 1047798 is divided by 12778?
2
What is the remainder when 71146 is divided by 790?
46
Calculate the remainder when 68931 is divided by 76.
75
What is the remainder when 2129 is divided by 1431?
698
Calculate the remainder when 184988 is divided by 5605.
23
What is the remainder when 1252 is divided by 94?
30
What is the remainder when 192514 is divided by 263?
261
Calculate the remainder when 90307 is divided by 391.
377
Calculate the remainder when 4913 is divided by 161.
83
Calculate the remainder when 10417 is divided by 55.
22
Calculate the remainder when 1068 is divided by 265.
8
What is the remainder when 27489 is divided by 339?
30
What is the remainder when 106873 is divided by 37?
17
Calculate the remainder when 1515 is divided by 23.
20
What is the remainder when 716450 is divided by 477?
473
Calculate the remainder when 24801 is divided by 188.
173
Calculate the remainder when 887699 is divided by 825.
824
What is the remainder when 920174 is divided by 1156?
1154
Calculate the remainder when 183683 is divided by 85.
83
Calculate the remainder when 26124 is divided by 44.
32
Calculate the remainder when 26350 is divided by 3763.
9
What is the remainder when 5056 is divided by 7?
2
Calculate the remainder when 13241 is divided by 77.
74
What is the remainder when 53454 is divided by 652?
642
What is the remainder when 67647 is divided by 33?
30
Calculate the remainder when 2250 is divided by 321.
3
Calculate the remainder when 4623 is divided by 4622.
1
Calculate the remainder when 9202 is divided by 12.
10
Calculate the remainder when 162 is divided by 70.
22
What is the remainder when 8385 is divided by 212?
117
What is the remainder when 134257 is divided by 2355?
22
What is the remainder when 2165 is divided by 541?
1
Calculate the remainder when 1874 is divided by 309.
20
What is the remainder when 1049 is divided by 338?
35
Calculate the remainder when 329 is divided by 108.
5
What is the remainder when 7797 is divided by 1290?
57
What is the remainder when 4141 is divided by 36?
1
Calculate the remainder when 2598298 is divided by 225.
223
Calculate the remainder when 7240 is divided by 3.
1
Calculate the remainder when 1388954 is divided by 71.
52
Calculate the remainder when 4749 is divided by 1799.
1151
What is the remainder when 10661 is divided by 10653?
8
What is the remainder when 16795 is divided by 300?
295
What is the remainder when 435749 is divided by 145244?
17
What is the remainder when 989 is divided by 324?
17
What is the remainder when 4713 is divided by 907?
178
What is the remainder when 2374 is divided by 746?
136
What is the remainder when 4429 is divided by 8?
5
Calculate the remainder when 297296 is divided by 12.
8
What is the remainder when 17719 is divided by 1467?
115
What is the remainder when 1253074 is divided by 2?
0
Calculate the remainder when 75821 is divided by 3296.
13
What is the remainder when 26316 is divided by 31?
28
Calculate the remainder when 14440 is divided by 75.
40
What is the remainder when 39172 is divided by 1187?
1
What is the remainder when 6548 is divided by 3261?
26
Calculate the remainder when 184331 is divided by 55.
26
What is the remainder when 28839 is divided by 14415?
9
Calculate the remainder when 463073 is divided by 25.
23
Calculate the remainder when 2114 is divided by 192.
2
What is the remainder when 33010 is divided by 2200?
10
Calculate the remainder when 4459 is divided by 4416.
43
What is the remainder when 20218 is divided by 74?
16
Calculate the remainder when 38217 is divided by 58.
53
Calculate the remainder when 8305 is divided by 555.
535
What is the remainder when 14259 is divided by 29?
20
What is the remainder when 28982 is divided by 53?
44
Calculate the remainder when 76352 is divided by 10906.
10
Calculate the remainder when 1925 is divided by 114.
101
What is the remainder when 20268 is divided by 21?
3
What is the remainder when 1385794 is divided by 297?
289
Calculate the remainder when 30931 is divided by 442.
433
Calculate the remainder when 14285 is divided by 152.
149
What is the remainder when 51447 is divided by 7347?
18
What is the remainder when 8183 is divided by 908?
11
What is the remainder when 308328 is divided by 55?
53
What is the remainder when 773 is d